11 a composite number?
True
Is 1395908543 prime?
True
Is 1824056093 a composite number?
True
Is 55120553 a composite number?
True
Is 13103909317 a composite number?
False
Is 243186863 a prime number?
False
Is 60212210431 composite?
False
Is 35888688019 prime?
False
Is 24116656847 a composite number?
False
Is 5011009526 a prime number?
False
Is 101430221307 a prime number?
False
Is 38043070963 a composite number?
True
Is 11828467141 a prime number?
False
Is 774717329 composite?
True
Is 28947505513 a composite number?
False
Is 14214731429 composite?
True
Is 13726859269 a composite number?
False
Is 3920245181 a composite number?
True
Is 7037634489 prime?
False
Is 8159181269 composite?
True
Is 1660711979 prime?
False
Is 4726859041 a composite number?
True
Is 1503582251 prime?
True
Is 230676200647 prime?
False
Is 86955724267 composite?
True
Is 370290187 prime?
True
Is 18687734099 a composite number?
False
Is 27401341963 prime?
True
Is 1064257847 prime?
True
Is 205509071 a prime number?
False
Is 818442517 prime?
True
Is 13343778949 composite?
False
Is 23873061101 prime?
False
Is 18720988555 composite?
True
Is 755702359 prime?
False
Is 290363317 prime?
True
Is 8869633477 prime?
True
Is 26941672327 prime?
False
Is 6132741247 a prime number?
False
Is 4133980549 prime?
False
Is 11321735729 a composite number?
True
Is 745700161 prime?
True
Is 168002714087 composite?
True
Is 1258807237 composite?
False
Is 14515283351 prime?
False
Is 3331129591 a composite number?
False
Is 298953995 composite?
True
Is 15183217249 composite?
False
Is 12578713861 a prime number?
False
Is 485551741 a composite number?
False
Is 37162987417 prime?
True
Is 12469822733 a prime number?
True
Is 277638746129 a prime number?
True
Is 35889080987 prime?
False
Is 12316346797 a composite number?
True
Is 12122467549 prime?
False
Is 11929631849 composite?
False
Is 1466375903 prime?
True
Is 8789849381 a composite number?
False
Is 14724025501 prime?
True
Is 14164658341 a composite number?
False
Is 21789121009 a prime number?
True
Is 9072990517 a prime number?
True
Is 1255344641 composite?
False
Is 16603016123 a prime number?
True
Is 10817666879 prime?
False
Is 2349694183 prime?
False
Is 301056391 composite?
False
Is 65021649491 a prime number?
True
Is 7225134289 a composite number?
True
Is 352064151397 a prime number?
False
Is 23131616309 a composite number?
True
Is 6073702631 prime?
True
Is 9511074457 a prime number?
False
Is 2476248253 composite?
False
Is 9098820041 a prime number?
False
Is 1180094177 a prime number?
False
Is 60202056509 composite?
True
Is 247802473 a prime number?
True
Is 268749973 a composite number?
True
Is 7135958887 prime?
True
Is 74544732853 a prime number?
True
Is 7574727917 prime?
False
Is 1096144901 a composite number?
False
Is 813335723 composite?
False
Is 9568681373 composite?
False
Is 68767608479 a composite number?
True
Is 4886390557 composite?
True
Is 4202261659 prime?
True
Is 1837005895 a composite number?
True
Is 1024310803 a prime number?
False
Is 3700604417 prime?
False
Is 16536473 a composite number?
True
Is 2644249123 a composite number?
True
Is 84434027 prime?
True
Is 52359939391 composite?
True
Is 9998724199 a prime number?
False
Is 931214477 a composite number?
False
Is 2617556633 composite?
True
Is 90622697869 prime?
False
Is 128445269 a prime number?
True
Is 5777194369 a prime number?
True
Is 1352422807 prime?
True
Is 19389832433 a prime number?
False
Is 297961241 composite?
False
Is 24595275499 composite?
True
Is 2484808259 composite?
False
Is 732013105943 composite?
True
Is 76393657157 prime?
True
Is 16223815871 a composite number?
False
Is 16864123217 composite?
True
Is 904367549 a prime number?
True
Is 1498461851 a prime number?
False
Is 30821765077 prime?
False
Is 5872523207 composite?
False
Is 524531339 a composite number?
False
Is 368186899 composite?
False
Is 9322467419 composite?
True
Is 1644590527 prime?
True
Is 2147841287 composite?
False
Is 247193 a composite number?
False
Is 656706607 prime?
False
Is 5541534787 prime?
True
Is 1420063361 a prime number?
True
Is 109162452023 a composite number?
False
Is 468570233 a composite number?
False
Is 62878935241 prime?
False
Is 1110801137 a prime number?
False
Is 774634919 composite?
True
Is 97582877 a prime number?
False
Is 44704935217 composite?
False
Is 7696223615 a composite number?
True
Is 239579463 composite?
True
Is 761621951 composite?
True
Is 217111229519 a prime number?
False
Is 1341494571 a composite number?
True
Is 4678715563 prime?
False
Is 177039911 prime?
True
Is 12435864061 a prime number?
False
Is 9041556749 prime?
False
Is 100630093 a prime number?
False
Is 193094003 a prime number?
True
Is 7894770269 prime?
False
Is 686847139 prime?
False
Is 5989521359 a prime number?
True
Is 4586526047 a composite number?
True
Is 45473187517 a composite number?
True
Is 243753533 a composite number?
False
Is 15421495613 composite?
False
Is 156224039773 a composite number?
False
Is 556762457 composite?
False
Is 102661607 composite?
False
Is 815802931 composite?
False
Is 26485211399 prime?
False
Is 1312710461 prime?
False
Is 1752689551 prime?
False
Is 1628723389 composite?
False
Is 81087243073 a prime number?
True
Is 20086722611 a composite number?
False
Is 7488537139 composite?
True
Is 331957399 a composite number?
False
Is 9407773751 prime?
False
Is 157692031 prime?
False
Is 11187772457 a prime number?
False
Is 501588331 a composite number?
True
Is 130970661073 a composite number?
True
Is 211816993 a composite number?
True
Is 1441948217 composite?
True
Is 2116712251 a composite number?
True
Is 10239949523 a composite number?
True
Is 28413864937 composite?
True
Is 74888355757 a prime number?
True
Is 9613845877 a prime number?
False
Is 3385672907 composite?
True
Is 235705783 prime?
True
Is 99273627751 a composite number?
False
Is 14035774681 a composite number?
False
Is 1215393499 composite?
True
Is 2760125129 composite?
True
Is 1326653281 prime?
False
Is 2419197917 a composite number?
False
Is 19063724051 a prime number?
True
Is 14019910031 a prime number?
False
Is 23696941 a composite number?
False
Is 117842273 composite?
False
Is 108092659 prime?
True
Is 38933140439 a prime number?
True
Is 2550178473 composite?
True
Is 52757121691 a composite number?
False
Is 1757555743 a prime number?
False
Is 1307758433 a composite number?
False
Is 5809409029 composite?
False
Is 5755596317 a composite number?
True
Is 60093356239 prime?
False
Is 9268421594 a prime number?
False
Is 396783361 a prime number?
False
Is 542012363 a prime number?
True
Is 48345852877 a composite number?
True
Is 4561974665 prime?
False
Is 31610987 a prime number?
False
Is 318180991 a prime number?
True
Is 39536939677 a composite number?
True
Is 6749579729 a prime number?
False
Is 5674175063 a composite number?
True
Is 7033472011 prime?
False
Is 435830719 a prime number?
False
Is 324066763 a composite number?
True
Is 1136070637 a composite number?
True
Is 4012465801 a composite number?
False
Is 64855031 a prime number?
True
Is 45593879581 a composite number?
True
Is 10524805481 prime?
True
Is 1408536869 a composite number?
False
Is 114744047 composite?
True
Is 2433464977 a composite number?
True
Is 2188047607 a composite number?
False
Is 37069765585 a composite number?
True
Is 1118188793 a prime number?
True
Is 1195358287 a composite number?
False
Is 10802844209 a composite number?
False
Is 47047433 a prime number?
False
Is 9540264637 prime?
True
Is 36488448869 prime?
False
Is 14484633467 a prime number?
True
Is 76610927 prime?
True
Is 24111923 composite?
True
Is 4154090782 a prime number?
False
Is 473371961 composite?
True
Is 34879766991 a prime number?
False
Is 89599917587 a prime number?
True
Is 234116991305 composite?
True
Is 481677319 composite?
False
Is 65965751 composite?
False
Is 2713174571 a prime number?
True
Is 17133041 composite?
True
Is 174817099 a composite number?
False
Is 5473282769 a prime number?
True
Is 16598466083 a prime number?
False
Is 89865605 prime?
False
Is 544904977 composite?
True
Is 3030993298 a prime number?
False
Is 991873205 prime?
False
Is 28080340241 a composite number?
True
Is 11111334581 composite?
False
Is 133634663 composite?
True
Is 4391994479 prime?
True
Is 1471062533 prime?
False
Is 105021